ose 0 = -6*y + 122 + 76. Calculate the highest common factor of y and b.
11
Suppose -2*p - 3*a + 46 = 2*a, 0 = -3*p - a + 56. Calculate the highest common factor of 279 and p.
9
Let p(k) = k**2 + 24*k + 29. Let d be p(-23). What is the greatest common factor of d and 2?
2
Let x(o) = -o**3 + 35*o**2 + 2*o - 64. Let u be x(35). Calculate the greatest common factor of u and 7.
1
Suppose 128 - 17 = 3*x. Let h = x - 31. Suppose -127 = h*g - 487. What is the greatest common factor of 15 and g?
15
Let l = -25 - -22. Let n be 5*8/(-12)*l. What is the greatest common divisor of 80 and n?
10
Let p = 17 + -19. Let q be (-7 - p)/(-1 + 0). Suppose 0 = 2*o - 10, q*r + 0*r - 510 = -4*o. What is the highest common factor of 14 and r?
14
Let g(s) = -s**2 + 3*s. Let z be g(3). Suppose 2*w + 0*w + v = 105, z = 2*w + 5*v - 85. Suppose 6*r + 3*r = 99. Calculate the highest common divisor of w and r.
11
Let n be (-46)/(-3) - (-2)/3. Suppose -5*u - 4*x + 61 = 0, -x + 8 = x. Let m be (30 + -3)*(66/u + -2). What is the highest common divisor of n and m?
16
Suppose 0 = n - 5*p - 44, 0 = -5*n + 5*p + 141 + 39. What is the highest common divisor of 17 and n?
17
Let y(n) = -24*n + 30. Let u be y(-8). Suppose 2*c = -4*c + u. What is the highest common factor of 74 and c?
37
Let n be (-5)/(-2)*((-261)/(-45) - -1). What is the highest common factor of n and 153?
17
Suppose -510 + 664 = 7*n. What is the highest common factor of n and 198?
22
Let r = -12 + 16. Suppose -r*i - 4*j + 62 = -6, 16 = 2*i - 4*j. Calculate the greatest common factor of 2 and i.
2
Suppose 2*y - 3*s - 1986 = 0, s - 2420 - 548 = -3*y. Suppose -10*m = -0*m - y. What is the highest common divisor of 9 and m?
9
Let m = 3 - -18. Let s(p) = -4 - 62*p - 1 + 0 + 6. Let v be s(-1). Calculate the highest common factor of m and v.
21
Let c be (-22*(-1)/(-9))/(33/(-297)). Let a = -28 + 61. Calculate the highest common divisor of a and c.
11
Let l(y) = 34*y**2 + 8*y. Let o be l(-4). Calculate the greatest common divisor of 8 and o.
8
Suppose 3*g - 715 = 4*g. Let q = -65 + 67. Let k be g*(q + (-24)/10). Calculate the greatest common divisor of k and 26.
26
Let a be (-91 + 73)*(-3)/((-3)/(-17)). Calculate the highest common factor of 36 and a.
18
Let d be 774/14 - 2/7. Let r = 17 - -5. Let z be (r - 2) + 2 + 0. Calculate the greatest common factor of d and z.
11
Suppose -i + 100 = -3*q, 4*q - i + 87 = -46. Let h be q/(-24)*-2*-28. What is the highest common factor of 11 and h?
11
Let p(k) = -k. Let o be p(-2). Let c be (-18)/((-1 - 0) + o). Let z = -1 - c. What is the greatest common factor of 34 and z?
17
Suppose -k + 5*n + 2559 = 0, 4*k - 15106 = 2*n - 4960. What is the highest common divisor of k and 14?
14
Let w = -300 - -368. What is the highest common divisor of 68 and w?
68
Suppose 19*q + 180 = 23*q - c, -5*q + 3*c = -232. Calculate the greatest common divisor of 154 and q.
22
Let c(p) = -p**2 - 6*p - 1. Let j be c(-3). Suppose 21 = 2*g - 109. Let t = g + 23. Calculate the greatest common factor of t and j.
8
Let n be ((-40)/10 - -9) + 205. Calculate the greatest common divisor of 252 and n.
42
Suppose -4*y = -224 + 64. Let u = -167 - -364. Let h be 27/18 - u/(-2). Calculate the highest common factor of y and h.
20
Let f = 7 - 11. Let j be (26/1)/(f/(-6)). Let n = -27 + j. What is the highest common divisor of n and 84?
12
Suppose -61*n - 845 = -74*n. Calculate the greatest common divisor of 520 and n.
65
Suppose -4*m - 259 = -1979. Suppose 6*s + 0*s + 72 = 0. Let k be m/14 - s/42. What is the greatest common factor of k and 31?
31
Let w = -972 - -1648. Calculate the highest common divisor of 13 and w.
13
Let g(s) = -s - 2. Let p be g(-8). Suppose -l - p = l, -4 = 2*h + 4*l. Let j be (6/h)/((-18)/(-60)). What is the greatest common divisor of j and 45?
5
Suppose s + u - 46 = 3*u, -s = -3*u - 41. Suppose -t + 76 = -s. What is the greatest common divisor of t and 12?
12
Let f be 3/((6/(-8))/(-1)). Suppose -f*s - 5*a + 27 = -0*s, 0 = 3*s - 4*a - 28. Calculate the greatest common factor of s and 24.
8
Let a = 32 + -15. Let b(m) = -4*m - 29. Let w(d) = -7*d - 57. Let z(s) = -5*b(s) + 2*w(s). Let i be z(9). What is the greatest common divisor of i and a?
17
Let s be ((-27804)/(-77))/6 - (-4)/(-22). Let h(f) = -16*f - 6. Let c be h(-6). What is the highest common divisor of s and c?
30
Let c = -3 - -13. Suppose 15 = 5*w - 2*w. Let y = c - w. Calculate the highest common factor of 25 and y.
5
Suppose 0*o - o - 526 = -3*u, 5*u - 890 = -5*o. Suppose 21*a = 28*a - 112. What is the highest common factor of u and a?
16
Suppose -o + 15 = 4*o, -4*o - 13 = a. Suppose -6 = 2*h - 78. Let r = a + h. Calculate the greatest common divisor of r and 44.
11
Suppose -13*s = -143 - 65. What is the highest common divisor of s and 2?
2
Let q be 12 - 12 - 27*1. Let w = q - -102. What is the highest common factor of w and 30?
15
Let d be 16/12 - 4/(-6). Suppose -7*y + 20 = -d*y. Suppose -y*f + 6 = -5*k + 4*k, 8 = 2*f - 3*k. Calculate the highest common divisor of f and 3.
1
Let t(s) = 3*s**2 - 2*s + 1. Let p be t(5). Suppose 2*v - p = v. Calculate the highest common factor of v and 99.
33
Let z be 7 + (-125)/20 + 177/4. Suppose -c = -4*d - 9, 7*c - 3*c - 25 = 5*d. Let k be 6/(2 - d) + 28. What is the highest common divisor of k and z?
15
Suppose -973 = -7*v - 91. What is the highest common factor of 36 and v?
18
Suppose 1 = b - 3. Let v be 6/b*(-4)/(-3). Suppose -v*s + 48 = s. Calculate the highest common divisor of 2 and s.
2
Suppose -4*z + 32 = -4*o - 176, -4 = -o. Calculate the highest common factor of 728 and z.
56
Suppose 2*c = -p + 7, -2*p + 2*c = -c - 7. Suppose 5*i = -0 - 5, z - p*i - 8 = 0. Suppose -18*r = -23*r + 10. Calculate the greatest common factor of r and z.
1
Suppose 0 = -w, 4*f + w = 2*w + 64. Suppose 0 = 2*s - 7*m + 5*m - 12, -3*m + 14 = s. Calculate the highest common divisor of s and f.
8
Let l = 65 - 53. Suppose 96 = -4*q + 6*q. Calculate the greatest common divisor of q and l.
12
Suppose l - 2*i = -3*i + 85, 4*l - 3*i - 375 = 0. What is the greatest common factor of 135 and l?
45
Let b(w) = 24*w - 8. Let l be b(7). What is the greatest common divisor of l and 20?
20
Let r be (-11478)/(-78) - 6/39. Calculate the highest common divisor of r and 3.
3
Suppose -54*g + 8988 - 2670 = 0. What is the highest common divisor of 36 and g?
9
Let u = 26 - 71. Let f = -26 - u. What is the greatest common divisor of 152 and f?
19
Let l be 65 - (-3)/(3/5). What is the highest common divisor of 112 and l?
14
Let x = -2 - -9. Let m = 544 - 310. Suppose -3*d - g + m = 0, 0*g = 4*d - 4*g - 296. Calculate the highest common factor of x and d.
7
Suppose 11*q - 3*f = 7*q + 249, 0 = 2*q - 4*f - 112. Calculate the greatest common divisor of 4 and q.
2
Let p be -1*1/(-1)*12. Suppose -92*r + 91*r - 628 = -4*y, -3*y - 5*r + 448 = 0. Calculate the highest common divisor of p and y.
12
Let d(s) = -s**3 - 16*s**2 - 23*s - 63. Let n be d(-16). What is the greatest common factor of n and 5?
5
Let c(r) = -2*r**2 + 30*r - 11. Let p be (6/4)/(57/532). Let m be c(p). Calculate the greatest common factor of 187 and m.
17
Suppose 3*o + 3*q = 2259, 10*o = 7*o + 2*q + 2244. Calculate the highest common factor of o and 6.
6
Let o(v) = 6*v**2 + 11*v + 9. Let h be o(-4). Let n = h - 20. What is the greatest common divisor of n and 41?
41
Let q = 713 + -533. Calculate the highest common divisor of q and 20.
20
Let d(u) = 13*u**2 - u + 9. Let z be d(0). Suppose 2*c = -4*m + 102, 2*c = -5*m - 20 + 149. Calculate the greatest common factor of m and z.
9
Suppose -5*n + 3*u + 16 = 0, 0 = 2*n + 3*n - 5*u - 10. Let r(o) = o**2 + 5*o + 14. Let m be r(-6). Calculate the greatest common divisor of m and n.
5
Let d = -358 - -408. Calculate the highest common divisor of d and 110.
10
Let j be (-96)/12*3/2. Let x be 6/(j/8 - 0). Let f(d) = -4*d - 2. Let t be f(x). What is the highest common divisor of t and 28?
14
Suppose 0 = 3*t - 3*o - 317 - 82, -3*t = 4*o - 364. Calculate the greatest common divisor of 24 and t.
8
Suppose 15 = -a - 4*p, 5 = -p + 1. Let q be (-72)/126 - 151/(-7). Suppose -2*k - k = -q. What is the greatest common factor of k and a?
1
Let p be (69*(-1)/12)/(2/(-248)). Calculate the greatest common divisor of 23 and p.
23
Let l = -53 - -471. What is the